{"id":160,"date":"2026-03-29T09:43:44","date_gmt":"2026-03-29T09:43:44","guid":{"rendered":"https:\/\/iamkieuthu.azdigi.shop\/?post_type=product&#038;p=160"},"modified":"2026-04-13T11:03:59","modified_gmt":"2026-04-13T11:03:59","slug":"bo-chi-mau-180-mau-kalour-hinh-con-huu-do","status":"publish","type":"product","link":"https:\/\/iamkieuthu.azdigi.shop\/index.php\/product\/bo-chi-mau-180-mau-kalour-hinh-con-huu-do\/","title":{"rendered":"B\u1ed9 Ch\u00ec M\u00e0u 180 M\u00e0u Kalour (H\u00ecnh Con H\u01b0u \u0110\u1ecf)"},"content":{"rendered":"<p><img loading=\"lazy\" decoding=\"async\" class=\"alignnone size-medium wp-image-161\" src=\"https:\/\/iamkieuthu.azdigi.shop\/wp-content\/uploads\/2026\/03\/chi-mau-kalour-180-300x300.jpeg\" alt=\"\" width=\"300\" height=\"300\" srcset=\"https:\/\/iamkieuthu.azdigi.shop\/wp-content\/uploads\/2026\/03\/chi-mau-kalour-180-300x300.jpeg 300w, https:\/\/iamkieuthu.azdigi.shop\/wp-content\/uploads\/2026\/03\/chi-mau-kalour-180-150x150.jpeg 150w, https:\/\/iamkieuthu.azdigi.shop\/wp-content\/uploads\/2026\/03\/chi-mau-kalour-180-768x768.jpeg 768w, https:\/\/iamkieuthu.azdigi.shop\/wp-content\/uploads\/2026\/03\/chi-mau-kalour-180-600x600.jpeg 600w, https:\/\/iamkieuthu.azdigi.shop\/wp-content\/uploads\/2026\/03\/chi-mau-kalour-180-100x100.jpeg 100w, https:\/\/iamkieuthu.azdigi.shop\/wp-content\/uploads\/2026\/03\/chi-mau-kalour-180.jpeg 990w\" sizes=\"auto, (max-width: 300px) 100vw, 300px\" \/><\/p>\n<h3 data-section-id=\"1yu1acv\" data-start=\"0\" data-end=\"56\">\u270f\ufe0f Ch\u00ec m\u00e0u Kalour 180 m\u00e0u (h\u1ed9p thi\u1ebfc h\u00ecnh h\u01b0\u01a1u \u0111\u1ecf)<\/h3>\n<p data-start=\"58\" data-end=\"313\">B\u1ed9 ch\u00ec m\u00e0u Kalour 180 m\u00e0u l\u00e0 l\u1ef1a ch\u1ecdn l\u00fd t\u01b0\u1edfng cho nh\u1eefng ai y\u00eau th\u00edch v\u1ebd v\u00e0 t\u00f4 m\u00e0u. S\u1ea3n ph\u1ea9m c\u00f3 b\u1ea3ng m\u00e0u phong ph\u00fa, d\u1ec5 s\u1eed d\u1ee5ng v\u00e0 ph\u00f9 h\u1ee3p nhi\u1ec1u nhu c\u1ea7u kh\u00e1c nhau. Thi\u1ebft k\u1ebf h\u1ed9p thi\u1ebfc h\u00ecnh h\u01b0\u01a1u \u0111\u1ecf n\u1ed5i b\u1eadt, v\u1eeba \u0111\u1eb9p m\u1eaft v\u1eeba ti\u1ec7n l\u1ee3i khi b\u1ea3o qu\u1ea3n v\u00e0 mang theo.<\/p>\n<p data-start=\"315\" data-end=\"340\"><strong data-start=\"315\" data-end=\"338\">\u2728 \u0110\u1eb7c \u0111i\u1ec3m n\u1ed5i b\u1eadt:<\/strong><\/p>\n<ul data-start=\"341\" data-end=\"742\">\n<li data-section-id=\"criytx\" data-start=\"341\" data-end=\"419\">\ud83c\udfa8 <strong data-start=\"346\" data-end=\"366\">180 m\u00e0u \u0111a d\u1ea1ng:<\/strong> Gi\u00fap b\u1ea1n d\u1ec5 d\u00e0ng l\u1ef1a ch\u1ecdn v\u00e0 ph\u1ed1i m\u00e0u theo \u00fd th\u00edch<\/li>\n<li data-section-id=\"1d35tb6\" data-start=\"420\" data-end=\"477\">\u270f\ufe0f <strong data-start=\"425\" data-end=\"441\">L\u00f5i ch\u00ec m\u1ec1m:<\/strong> M\u00e0u l\u00ean \u0111\u1eadm, m\u1ecbn v\u00e0 \u0111\u1ec1u tr\u00ean gi\u1ea5y<\/li>\n<li data-section-id=\"vjrcf1\" data-start=\"478\" data-end=\"551\">\ud83d\udd8c\ufe0f <strong data-start=\"484\" data-end=\"497\">D\u1ec5 blend:<\/strong> H\u1ed7 tr\u1ee3 pha tr\u1ed9n v\u00e0 t\u1ea1o hi\u1ec7u \u1ee9ng chuy\u1ec3n m\u00e0u t\u1ef1 nhi\u00ean<\/li>\n<li data-section-id=\"viz6vo\" data-start=\"552\" data-end=\"614\">\ud83d\udcaa <strong data-start=\"557\" data-end=\"569\">L\u00f5i b\u1ec1n:<\/strong> H\u1ea1n ch\u1ebf g\u00e3y khi chu\u1ed1t ho\u1eb7c s\u1eed d\u1ee5ng l\u00e2u d\u00e0i<\/li>\n<li data-section-id=\"p4vgy1\" data-start=\"615\" data-end=\"672\">\ud83c\udf3f <strong data-start=\"620\" data-end=\"636\">Th\u00e2n b\u00fat g\u1ed7:<\/strong> C\u1ea7m ch\u1eafc tay, d\u1ec5 chu\u1ed1t v\u00e0 s\u1eed d\u1ee5ng<\/li>\n<li data-section-id=\"vn4f7j\" data-start=\"673\" data-end=\"742\">\ud83c\udf81 <strong data-start=\"678\" data-end=\"702\">H\u1ed9p thi\u1ebfc ch\u1eafc ch\u1eafn:<\/strong> Gi\u00fap s\u1eafp x\u1ebfp g\u1ecdn g\u00e0ng v\u00e0 b\u1ea3o qu\u1ea3n t\u1ed1t<\/li>\n<\/ul>\n<p data-start=\"744\" data-end=\"772\"><strong data-start=\"744\" data-end=\"770\">\ud83d\udce6 Th\u00f4ng tin s\u1ea3n ph\u1ea9m:<\/strong><\/p>\n<ul data-start=\"773\" data-end=\"937\">\n<li data-section-id=\"1h9aoln\" data-start=\"773\" data-end=\"796\">Th\u01b0\u01a1ng hi\u1ec7u: Kalour<\/li>\n<li data-section-id=\"agcsh3\" data-start=\"797\" data-end=\"818\">S\u1ed1 l\u01b0\u1ee3ng: 180 m\u00e0u<\/li>\n<li data-section-id=\"npuwhj\" data-start=\"819\" data-end=\"844\">Lo\u1ea1i: Ch\u00ec m\u00e0u l\u00f5i m\u1ec1m<\/li>\n<li data-section-id=\"1l31vz3\" data-start=\"845\" data-end=\"883\">Quy c\u00e1ch: H\u1ed9p thi\u1ebfc (h\u00ecnh h\u01b0\u01a1u \u0111\u1ecf)<\/li>\n<li data-section-id=\"qwna2m\" data-start=\"884\" data-end=\"937\">\u0110\u1ed1i t\u01b0\u1ee3ng: Ng\u01b0\u1eddi m\u1edbi, h\u1ecdc sinh, sinh vi\u00ean, artist<\/li>\n<\/ul>\n<p data-start=\"939\" data-end=\"960\"><strong data-start=\"939\" data-end=\"958\">\ud83c\udfaf Ph\u00f9 h\u1ee3p v\u1edbi:<\/strong><\/p>\n<ul data-start=\"961\" data-end=\"1066\">\n<li data-section-id=\"1umagov\" data-start=\"961\" data-end=\"990\">T\u00f4 m\u00e0u th\u01b0 gi\u00e3n h\u1eb1ng ng\u00e0y<\/li>\n<li data-section-id=\"1qxlh95\" data-start=\"991\" data-end=\"1023\">V\u1ebd minh h\u1ecda, sketch, shading<\/li>\n<li data-section-id=\"1xz5ti2\" data-start=\"1024\" data-end=\"1066\">Ng\u01b0\u1eddi m\u1edbi h\u1ecdc v\u1ebd ho\u1eb7c n\u00e2ng cao k\u1ef9 n\u0103ng<\/li>\n<\/ul>\n<p data-start=\"1068\" data-end=\"1399\" data-is-last-node=\"\" data-is-only-node=\"\">B\u1ed9 ch\u00ec m\u00e0u Kalour 180 m\u00e0u mang l\u1ea1i tr\u1ea3i nghi\u1ec7m v\u1ebd m\u01b0\u1ee3t m\u00e0 v\u00e0 d\u1ec5 ki\u1ec3m so\u00e1t. M\u00e0u s\u1eafc t\u01b0\u01a1i s\u00e1ng gi\u00fap b\u00e0i v\u1ebd tr\u1edf n\u00ean sinh \u0111\u1ed9ng h\u01a1n. Ng\u01b0\u1eddi d\u00f9ng c\u00f3 th\u1ec3 d\u1ec5 d\u00e0ng t\u1ea1o chi\u1ec1u s\u00e2u v\u00e0 hi\u1ec7u \u1ee9ng chuy\u1ec3n m\u00e0u. S\u1ea3n ph\u1ea9m ph\u00f9 h\u1ee3p cho h\u1ecdc t\u1eadp v\u00e0 s\u00e1ng t\u1ea1o m\u1ed7i ng\u00e0y. V\u1edbi m\u1ee9c gi\u00e1 h\u1ee3p l\u00fd, \u0111\u00e2y l\u00e0 b\u1ed9 ch\u00ec m\u00e0u \u0111\u00e1ng c\u00e2n nh\u1eafc \u0111\u1ec3 b\u1eaft \u0111\u1ea7u ho\u1eb7c n\u00e2ng c\u1ea5p d\u1ee5ng c\u1ee5 v\u1ebd.<\/p>\n","protected":false},"excerpt":{"rendered":"<p><span dir=\"auto\" style=\"vertical-align: inherit;\"><span dir=\"auto\" style=\"vertical-align: inherit;\"><span dir=\"auto\" style=\"vertical-align: inherit;\"><span dir=\"auto\" style=\"vertical-align: inherit;\"><span dir=\"auto\" style=\"vertical-align: inherit;\"><span dir=\"auto\" style=\"vertical-align: inherit;\">B\u00fat m\u1ef1c m\u00e0u cao c\u1ea5p c\u1ee7a h\u00e3ng Yover v\u1edbi ph\u1ea5n ph\u1ea5n cao c\u1ea5p ch\u1ea5t m\u00e0u t\u1ed1t ph\u00f9 h\u1ee3p m\u1ecdi \u0111\u1ed1i t\u01b0\u1ee3ng s\u1eed d\u1ee5ng thi\u1ebft k\u1ebf h\u1ed9p k\u00edn nhi\u1ec1u l\u1edbp m\u00e0u mang theo b\u00ean m\u00ecnh th\u1eadt d\u1ec5 d\u00e0ng.<\/span><\/span><\/span><\/span><\/span><\/span><\/p>\n","protected":false},"featured_media":202,"comment_status":"open","ping_status":"closed","template":"","meta":[],"product_brand":[],"product_cat":[18,35],"product_tag":[],"class_list":{"0":"post-160","1":"product","2":"type-product","3":"status-publish","4":"has-post-thumbnail","6":"product_cat-mau","7":"product_cat-mau-chi","9":"first","10":"instock","11":"sale","12":"shipping-taxable","13":"purchasable","14":"product-type-simple"},"yoast_head":"<!-- This site is optimized with the Yoast SEO plugin v26.9 - https:\/\/yoast.com\/product\/yoast-seo-wordpress\/ -->\n<title>B\u1ed9 Ch\u00ec M\u00e0u 180 M\u00e0u Kalour (H\u00ecnh Con H\u01b0u \u0110\u1ecf) - Artify<\/title>\n<meta name=\"description\" content=\"Ch\u00ec m\u00e0u Kalour 180 m\u00e0u (h\u1ed9p thi\u1ebfc h\u00ecnh h\u01b0\u01a1u \u0111\u1ecf), l\u00f5i m\u1ec1m, s\u1eafc t\u1ed1 cao, d\u1ec5 blend, ph\u00f9 h\u1ee3p v\u1ebd, t\u00f4 m\u00e0u, sketch cho ng\u01b0\u1eddi m\u1edbi v\u00e0 artist.\" \/>\n<meta name=\"robots\" content=\"index, follow, max-snippet:-1, max-image-preview:large, max-video-preview:-1\" \/>\n<link rel=\"canonical\" href=\"https:\/\/iamkieuthu.azdigi.shop\/index.php\/product\/bo-chi-mau-180-mau-kalour-hinh-con-huu-do\/\" \/>\n<meta property=\"og:locale\" content=\"en_US\" \/>\n<meta property=\"og:type\" content=\"article\" \/>\n<meta property=\"og:title\" content=\"B\u1ed9 Ch\u00ec M\u00e0u 180 M\u00e0u Kalour (H\u00ecnh Con H\u01b0u \u0110\u1ecf) - Artify\" \/>\n<meta property=\"og:description\" content=\"Ch\u00ec m\u00e0u Kalour 180 m\u00e0u (h\u1ed9p thi\u1ebfc h\u00ecnh h\u01b0\u01a1u \u0111\u1ecf), l\u00f5i m\u1ec1m, s\u1eafc t\u1ed1 cao, d\u1ec5 blend, ph\u00f9 h\u1ee3p v\u1ebd, t\u00f4 m\u00e0u, sketch cho ng\u01b0\u1eddi m\u1edbi v\u00e0 artist.\" \/>\n<meta property=\"og:url\" content=\"https:\/\/iamkieuthu.azdigi.shop\/index.php\/product\/bo-chi-mau-180-mau-kalour-hinh-con-huu-do\/\" \/>\n<meta property=\"og:site_name\" content=\"Artify\" \/>\n<meta property=\"article:modified_time\" content=\"2026-04-13T11:03:59+00:00\" \/>\n<meta property=\"og:image\" content=\"https:\/\/iamkieuthu.azdigi.shop\/wp-content\/uploads\/2026\/03\/chi-mau-kalour-180-1.jpeg\" \/>\n\t<meta property=\"og:image:width\" content=\"990\" \/>\n\t<meta property=\"og:image:height\" content=\"990\" \/>\n\t<meta property=\"og:image:type\" content=\"image\/jpeg\" \/>\n<meta name=\"twitter:card\" content=\"summary_large_image\" \/>\n<meta name=\"twitter:label1\" content=\"Est. reading time\" \/>\n\t<meta name=\"twitter:data1\" content=\"2 minutes\" \/>\n<script type=\"application\/ld+json\" class=\"yoast-schema-graph\">{\"@context\":\"https:\/\/schema.org\",\"@graph\":[{\"@type\":\"WebPage\",\"@id\":\"https:\/\/iamkieuthu.azdigi.shop\/index.php\/product\/bo-chi-mau-180-mau-kalour-hinh-con-huu-do\/\",\"url\":\"https:\/\/iamkieuthu.azdigi.shop\/index.php\/product\/bo-chi-mau-180-mau-kalour-hinh-con-huu-do\/\",\"name\":\"B\u1ed9 Ch\u00ec M\u00e0u 180 M\u00e0u Kalour (H\u00ecnh Con H\u01b0u \u0110\u1ecf) - Artify\",\"isPartOf\":{\"@id\":\"https:\/\/iamkieuthu.azdigi.shop\/#website\"},\"primaryImageOfPage\":{\"@id\":\"https:\/\/iamkieuthu.azdigi.shop\/index.php\/product\/bo-chi-mau-180-mau-kalour-hinh-con-huu-do\/#primaryimage\"},\"image\":{\"@id\":\"https:\/\/iamkieuthu.azdigi.shop\/index.php\/product\/bo-chi-mau-180-mau-kalour-hinh-con-huu-do\/#primaryimage\"},\"thumbnailUrl\":\"https:\/\/iamkieuthu.azdigi.shop\/wp-content\/uploads\/2026\/03\/chi-mau-kalour-180-1.jpeg\",\"datePublished\":\"2026-03-29T09:43:44+00:00\",\"dateModified\":\"2026-04-13T11:03:59+00:00\",\"description\":\"Ch\u00ec m\u00e0u Kalour 180 m\u00e0u (h\u1ed9p thi\u1ebfc h\u00ecnh h\u01b0\u01a1u \u0111\u1ecf), l\u00f5i m\u1ec1m, s\u1eafc t\u1ed1 cao, d\u1ec5 blend, ph\u00f9 h\u1ee3p v\u1ebd, t\u00f4 m\u00e0u, sketch cho ng\u01b0\u1eddi m\u1edbi v\u00e0 artist.\",\"breadcrumb\":{\"@id\":\"https:\/\/iamkieuthu.azdigi.shop\/index.php\/product\/bo-chi-mau-180-mau-kalour-hinh-con-huu-do\/#breadcrumb\"},\"inLanguage\":\"en-US\",\"potentialAction\":[{\"@type\":\"ReadAction\",\"target\":[\"https:\/\/iamkieuthu.azdigi.shop\/index.php\/product\/bo-chi-mau-180-mau-kalour-hinh-con-huu-do\/\"]}]},{\"@type\":\"ImageObject\",\"inLanguage\":\"en-US\",\"@id\":\"https:\/\/iamkieuthu.azdigi.shop\/index.php\/product\/bo-chi-mau-180-mau-kalour-hinh-con-huu-do\/#primaryimage\",\"url\":\"https:\/\/iamkieuthu.azdigi.shop\/wp-content\/uploads\/2026\/03\/chi-mau-kalour-180-1.jpeg\",\"contentUrl\":\"https:\/\/iamkieuthu.azdigi.shop\/wp-content\/uploads\/2026\/03\/chi-mau-kalour-180-1.jpeg\",\"width\":990,\"height\":990},{\"@type\":\"BreadcrumbList\",\"@id\":\"https:\/\/iamkieuthu.azdigi.shop\/index.php\/product\/bo-chi-mau-180-mau-kalour-hinh-con-huu-do\/#breadcrumb\",\"itemListElement\":[{\"@type\":\"ListItem\",\"position\":1,\"name\":\"Home\",\"item\":\"https:\/\/iamkieuthu.azdigi.shop\/\"},{\"@type\":\"ListItem\",\"position\":2,\"name\":\"C\u1eeda h\u00e0ng\",\"item\":\"https:\/\/iamkieuthu.azdigi.shop\/index.php\/cua-hang\/\"},{\"@type\":\"ListItem\",\"position\":3,\"name\":\"B\u1ed9 Ch\u00ec M\u00e0u 180 M\u00e0u Kalour (H\u00ecnh Con H\u01b0u \u0110\u1ecf)\"}]},{\"@type\":\"WebSite\",\"@id\":\"https:\/\/iamkieuthu.azdigi.shop\/#website\",\"url\":\"https:\/\/iamkieuthu.azdigi.shop\/\",\"name\":\"Artify\",\"description\":\"\",\"potentialAction\":[{\"@type\":\"SearchAction\",\"target\":{\"@type\":\"EntryPoint\",\"urlTemplate\":\"https:\/\/iamkieuthu.azdigi.shop\/?s={search_term_string}\"},\"query-input\":{\"@type\":\"PropertyValueSpecification\",\"valueRequired\":true,\"valueName\":\"search_term_string\"}}],\"inLanguage\":\"en-US\"}]}<\/script>\n<!-- \/ Yoast SEO plugin. -->","yoast_head_json":{"title":"B\u1ed9 Ch\u00ec M\u00e0u 180 M\u00e0u Kalour (H\u00ecnh Con H\u01b0u \u0110\u1ecf) - Artify","description":"Ch\u00ec m\u00e0u Kalour 180 m\u00e0u (h\u1ed9p thi\u1ebfc h\u00ecnh h\u01b0\u01a1u \u0111\u1ecf), l\u00f5i m\u1ec1m, s\u1eafc t\u1ed1 cao, d\u1ec5 blend, ph\u00f9 h\u1ee3p v\u1ebd, t\u00f4 m\u00e0u, sketch cho ng\u01b0\u1eddi m\u1edbi v\u00e0 artist.","robots":{"index":"index","follow":"follow","max-snippet":"max-snippet:-1","max-image-preview":"max-image-preview:large","max-video-preview":"max-video-preview:-1"},"canonical":"https:\/\/iamkieuthu.azdigi.shop\/index.php\/product\/bo-chi-mau-180-mau-kalour-hinh-con-huu-do\/","og_locale":"en_US","og_type":"article","og_title":"B\u1ed9 Ch\u00ec M\u00e0u 180 M\u00e0u Kalour (H\u00ecnh Con H\u01b0u \u0110\u1ecf) - Artify","og_description":"Ch\u00ec m\u00e0u Kalour 180 m\u00e0u (h\u1ed9p thi\u1ebfc h\u00ecnh h\u01b0\u01a1u \u0111\u1ecf), l\u00f5i m\u1ec1m, s\u1eafc t\u1ed1 cao, d\u1ec5 blend, ph\u00f9 h\u1ee3p v\u1ebd, t\u00f4 m\u00e0u, sketch cho ng\u01b0\u1eddi m\u1edbi v\u00e0 artist.","og_url":"https:\/\/iamkieuthu.azdigi.shop\/index.php\/product\/bo-chi-mau-180-mau-kalour-hinh-con-huu-do\/","og_site_name":"Artify","article_modified_time":"2026-04-13T11:03:59+00:00","og_image":[{"width":990,"height":990,"url":"https:\/\/iamkieuthu.azdigi.shop\/wp-content\/uploads\/2026\/03\/chi-mau-kalour-180-1.jpeg","type":"image\/jpeg"}],"twitter_card":"summary_large_image","twitter_misc":{"Est. reading time":"2 minutes"},"schema":{"@context":"https:\/\/schema.org","@graph":[{"@type":"WebPage","@id":"https:\/\/iamkieuthu.azdigi.shop\/index.php\/product\/bo-chi-mau-180-mau-kalour-hinh-con-huu-do\/","url":"https:\/\/iamkieuthu.azdigi.shop\/index.php\/product\/bo-chi-mau-180-mau-kalour-hinh-con-huu-do\/","name":"B\u1ed9 Ch\u00ec M\u00e0u 180 M\u00e0u Kalour (H\u00ecnh Con H\u01b0u \u0110\u1ecf) - Artify","isPartOf":{"@id":"https:\/\/iamkieuthu.azdigi.shop\/#website"},"primaryImageOfPage":{"@id":"https:\/\/iamkieuthu.azdigi.shop\/index.php\/product\/bo-chi-mau-180-mau-kalour-hinh-con-huu-do\/#primaryimage"},"image":{"@id":"https:\/\/iamkieuthu.azdigi.shop\/index.php\/product\/bo-chi-mau-180-mau-kalour-hinh-con-huu-do\/#primaryimage"},"thumbnailUrl":"https:\/\/iamkieuthu.azdigi.shop\/wp-content\/uploads\/2026\/03\/chi-mau-kalour-180-1.jpeg","datePublished":"2026-03-29T09:43:44+00:00","dateModified":"2026-04-13T11:03:59+00:00","description":"Ch\u00ec m\u00e0u Kalour 180 m\u00e0u (h\u1ed9p thi\u1ebfc h\u00ecnh h\u01b0\u01a1u \u0111\u1ecf), l\u00f5i m\u1ec1m, s\u1eafc t\u1ed1 cao, d\u1ec5 blend, ph\u00f9 h\u1ee3p v\u1ebd, t\u00f4 m\u00e0u, sketch cho ng\u01b0\u1eddi m\u1edbi v\u00e0 artist.","breadcrumb":{"@id":"https:\/\/iamkieuthu.azdigi.shop\/index.php\/product\/bo-chi-mau-180-mau-kalour-hinh-con-huu-do\/#breadcrumb"},"inLanguage":"en-US","potentialAction":[{"@type":"ReadAction","target":["https:\/\/iamkieuthu.azdigi.shop\/index.php\/product\/bo-chi-mau-180-mau-kalour-hinh-con-huu-do\/"]}]},{"@type":"ImageObject","inLanguage":"en-US","@id":"https:\/\/iamkieuthu.azdigi.shop\/index.php\/product\/bo-chi-mau-180-mau-kalour-hinh-con-huu-do\/#primaryimage","url":"https:\/\/iamkieuthu.azdigi.shop\/wp-content\/uploads\/2026\/03\/chi-mau-kalour-180-1.jpeg","contentUrl":"https:\/\/iamkieuthu.azdigi.shop\/wp-content\/uploads\/2026\/03\/chi-mau-kalour-180-1.jpeg","width":990,"height":990},{"@type":"BreadcrumbList","@id":"https:\/\/iamkieuthu.azdigi.shop\/index.php\/product\/bo-chi-mau-180-mau-kalour-hinh-con-huu-do\/#breadcrumb","itemListElement":[{"@type":"ListItem","position":1,"name":"Home","item":"https:\/\/iamkieuthu.azdigi.shop\/"},{"@type":"ListItem","position":2,"name":"C\u1eeda h\u00e0ng","item":"https:\/\/iamkieuthu.azdigi.shop\/index.php\/cua-hang\/"},{"@type":"ListItem","position":3,"name":"B\u1ed9 Ch\u00ec M\u00e0u 180 M\u00e0u Kalour (H\u00ecnh Con H\u01b0u \u0110\u1ecf)"}]},{"@type":"WebSite","@id":"https:\/\/iamkieuthu.azdigi.shop\/#website","url":"https:\/\/iamkieuthu.azdigi.shop\/","name":"Artify","description":"","potentialAction":[{"@type":"SearchAction","target":{"@type":"EntryPoint","urlTemplate":"https:\/\/iamkieuthu.azdigi.shop\/?s={search_term_string}"},"query-input":{"@type":"PropertyValueSpecification","valueRequired":true,"valueName":"search_term_string"}}],"inLanguage":"en-US"}]}},"jetpack_sharing_enabled":true,"_links":{"self":[{"href":"https:\/\/iamkieuthu.azdigi.shop\/index.php\/wp-json\/wp\/v2\/product\/160","targetHints":{"allow":["GET"]}}],"collection":[{"href":"https:\/\/iamkieuthu.azdigi.shop\/index.php\/wp-json\/wp\/v2\/product"}],"about":[{"href":"https:\/\/iamkieuthu.azdigi.shop\/index.php\/wp-json\/wp\/v2\/types\/product"}],"replies":[{"embeddable":true,"href":"https:\/\/iamkieuthu.azdigi.shop\/index.php\/wp-json\/wp\/v2\/comments?post=160"}],"wp:featuredmedia":[{"embeddable":true,"href":"https:\/\/iamkieuthu.azdigi.shop\/index.php\/wp-json\/wp\/v2\/media\/202"}],"wp:attachment":[{"href":"https:\/\/iamkieuthu.azdigi.shop\/index.php\/wp-json\/wp\/v2\/media?parent=160"}],"wp:term":[{"taxonomy":"product_brand","embeddable":true,"href":"https:\/\/iamkieuthu.azdigi.shop\/index.php\/wp-json\/wp\/v2\/product_brand?post=160"},{"taxonomy":"product_cat","embeddable":true,"href":"https:\/\/iamkieuthu.azdigi.shop\/index.php\/wp-json\/wp\/v2\/product_cat?post=160"},{"taxonomy":"product_tag","embeddable":true,"href":"https:\/\/iamkieuthu.azdigi.shop\/index.php\/wp-json\/wp\/v2\/product_tag?post=160"}],"curies":[{"name":"wp","href":"https:\/\/api.w.org\/{rel}","templated":true}]}}